v + 640. List the prime factors of v.
2, 7
Let c be (-175)/28 + (-1)/(-4). Let r(i) = -28*i - 14. What are the prime factors of r(c)?
2, 7, 11
Suppose -16*s = -11*s + 2*a - 5002, s - 998 = -a. What are the prime factors of s?
2, 3, 167
Suppose -128*x + 125*x = -1665. What are the prime factors of x?
3, 5, 37
Let n = -127 - -229. List the prime factors of n.
2, 3, 17
Suppose 12 = 13*b - 12*b. Let g(k) = -k**3 + 13*k**2 - 9*k - 16. What are the prime factors of g(b)?
2, 5
Suppose 0*n + n + 7 = -4*o, -o - 13 = 4*n. Let r be -2 + n + -2 + 56. What are the prime factors of r/2 + 5/10?
5
Suppose 16*s - 145 = 11*s. List the prime factors of s.
29
Let o(m) be the third derivative of 3*m**4/8 - 7*m**3/3 - m**2. Suppose 3 = 3*d, -6*a + 3*a - 5*d + 29 = 0. List the prime factors of o(a).
2, 29
List the prime factors of (-16 - (-6372)/(-20))*(-10)/2.
7, 239
Let o = 11 - 6. Suppose 0*j = -5*j - 15, 0 = o*d + 2*j - 349. What are the prime factors of d?
71
Suppose -897 - 137 = -2*s. List the prime factors of s.
11, 47
Let i = -20 - -24. Suppose -i*t + 8*t = 20. Suppose -3*x + t*u + 34 = 0, 22 = -x - 4*u + 56. List the prime factors of x.
2, 3
Let n(i) be the second derivative of i**4/3 + 5*i**3/3 + 19*i**2/2 - 8*i. List the prime factors of n(-7).
5, 29
Suppose 2*k + 4 = -4*y + 3*y, 0 = -5*y - 20. Let c(x) = x**3 + 1. Let v be c(k). Suppose 0 = -j + v, -4*f - 3*j + 145 = -2*j. List the prime factors of f.
2, 3
Suppose y + 3*y - 56 = -4*b, 3*y = -4*b + 55. Suppose 0 = 4*d - b - 7. Suppose 22 = d*f - 4*z - 8, 2*f - z - 9 = 0. List the prime factors of f.
2
Let c(k) = k**3 - k**2 + k + 2. Let f be c(5). Let o be -1 - 2 - (-4)/(8/14). Suppose -o*x + 69 + f = 0. List the prime factors of x.
2, 11
Let a(p) = 2*p**2 - 6*p - 1. Let f(z) = -5*z**2 + 17*z + 3. Let k(l) = 8*a(l) + 3*f(l). What are the prime factors of k(-14)?
5, 31
Suppose 5*d - 4*f - 2403 = 0, 0 = -5*f - 8 + 23. List the prime factors of d.
3, 7, 23
Let f = -122 + 205. Suppose -7*h + f = -141. List the prime factors of h.
2
What are the prime factors of 4/(-10) - (9 - 251046/90)?
2, 5, 139
Suppose n - 2*n = -3*d - 15, 5*n + 25 = -5*d. Let u be d/2*(-16)/20. Suppose 2 - 6 = 4*f, 0 = -5*s + u*f + 147. What are the prime factors of s?
29
Let d(a) = 12*a**2 - 18*a + 3. List the prime factors of d(7).
3, 5, 31
List the prime factors of (9/((-9)/14))/(2/(-81)).
3, 7
Let v(i) = 26*i - 21. List the prime factors of v(15).
3, 41
Let m = -67 - -144. Let w = -30 + m. What are the prime factors of w?
47
Let r be (10/4 - 3)*(-4)/(-1). What are the prime factors of 40 - r*3*1/(-2)?
37
What are the prime factors of 5214/(-4)*(-70)/105?
11, 79
Let c(n) = 4*n**3 + n**2 + 2*n + 2. Let x(d) = d**3 + 9*d**2 - 11*d - 8. Suppose -4*b - 2*b - 60 = 0. Let a be x(b). List the prime factors of c(a).
2, 3, 7
Let g be (4 - 0) + -4 + -2. What are the prime factors of 120/4*(-1)/g?
3, 5
Suppose 5*s + 2*u - 11 - 4 = 0, -15 = -5*s - 3*u. Suppose -o + s - 1 = 0. Let y = o - -16. List the prime factors of y.
2, 3
Suppose 71854 = 28*s + 9*s. What are the prime factors of s?
2, 971
Let i = -18 - -21. Let b(o) = o**2 - 2*o**2 + 1 + 9*o**i - 10*o**3 + 3*o - 6*o**2. What are the prime factors of b(-8)?
41
Let z(o) = o**3 - 9*o**2 - 6*o - 13. Let u be z(11). Suppose j - 171 = 4*l, l - 3*l = -j + u. What are the prime factors of j?
5, 31
Suppose 0 = 2*d + 15*a - 18*a - 47, -5*d = 4*a - 60. What are the prime factors of d?
2
Suppose 0 = -4*h + 2*j + 12706, -137*h + 141*h - 4*j - 12716 = 0. List the prime factors of h.
2, 3, 23
Let f be 44/14 - (-3)/(-21). Suppose -2*i - 5*p = -2, f*i + 0*p - 25 = -2*p. List the prime factors of i.
11
Suppose 2*v + 5*j = -4, -5*v - j - 3 = -16. List the prime factors of v*3/(9/23).
23
Let u(a) = -a**3 - 3*a**2 - 4*a - 3. Let d(j) = 3*j + 3. Let t be d(-2). What are the prime factors of u(t)?
3
Suppose -5*u + 0*i + 165 = -i, -58 = -2*u + 2*i. Let o = -25 + u. List the prime factors of o.
3
Suppose 4*v = 3*j + 1034 + 1615, 5 = 5*j. What are the prime factors of v?
3, 13, 17
Let s = -962 - -1835. What are the prime factors of s?
3, 97
Let d be (27/18)/(-1 + 285/282). Let y = -67 + d. List the prime factors of y.
2, 37
Let s(f) = -f**3 + 5*f**2 + 4*f + 6. Suppose 2*x + 0*g - 3*g = 15, 2*g + 2 = 0. Let a be s(x). What are the prime factors of ((-4)/a)/((-12)/(-90))?
5
Let u be (4 - -6)*(-3)/(-2). Let o = u + 4. What are the prime factors of o?
19
Let a(y) = y**2 - 5*y - 10. Let x be a(8). List the prime factors of 21/49 - (-2920)/x.
11, 19
Suppose 3*p - 13*j - 1615 = -14*j, 0 = 3*p - 2*j - 1612. List the prime factors of p.
2, 269
Let n(h) = h**3 - 6*h**2 + 7*h + 6. Let r = -1 - -7. Let z be n(r). Let u = z - 25. What are the prime factors of u?
23
Let d(l) = -3*l**3 - l**2 - 3*l - 2. Let r be d(-1). Suppose -r*v = 4*v - 224. What are the prime factors of v?
2
Let v(z) be the second derivative of 1/12*z**4 - 4*z + 0 - 7/2*z**2 + 0*z**3. List the prime factors of v(-6).
29
What are the prime factors of 9985/3 + 84/126?
3329
Suppose 5*n + 4*f - 24 + 2 = 0, -f = -2*n + 1. Suppose -r = 3, 0*r = -n*s + 4*r + 16. Let g = 4 - s. What are the prime factors of g?
2
Suppose -21 = -3*k - 0. Suppose -k + 10 = 3*j. Let i = 17 - j. List the prime factors of i.
2
Let m = -119 - -125. What are the prime factors of ((-9)/m)/(0 + 6/(-736))?
2, 23
Let v be (-5 - 3132/(-8)) + (-1)/2. Suppose -5*l + 0*j = 5*j - 945, 2*l - v = 2*j. List the prime factors of l.
191
Let b be 0 - (-2 - 1*-2). Suppose -r = -5*n + 7, -n - r + 6*r - 13 = 0. Suppose 6*d - n*d - 52 = b. What are the prime factors of d?
13
Suppose -5*a + 6*k - 2*k + 22 = 0, 0 = -4*a - 2*k + 28. Let x be 1*(-2)/a*-3. List the prime factors of (2 - x)/((-1)/(-10)).
2, 5
Let j be -1 + 7 - 5/((-5)/(-2)). Suppose 0 = -j*d + z - 32 + 339, -d + 72 = -5*z. What are the prime factors of d?
7, 11
Let j(x) = x**3 + x**2 + 2. Let v be j(0). Suppose -a - v = -5. Let r(d) = 5*d**2 - 3*d + 6. What are the prime factors of r(a)?
2, 3, 7
Let k be 49/21*3/1. Let b(z) = 8*z + k*z**2 - 6*z + 7 + 2*z. What are the prime factors of b(-2)?
3
Let j(d) = -10 + 12*d + d**3 + 0*d**3 - 4*d - 3*d**2. List the prime factors of j(4).
2, 19
Let g(o) = 221*o + 9. Let m be g(3). Suppose m = h - 7*h. What are the prime factors of (-1040)/h - (-2)/(-7)?
3
Suppose -3*x - 1 = x - b, -21 = 4*x - 5*b. Let s(g) = -4*g + 2. Let i be s(x). Let f(m) = 13*m**2 - 2*m - 2. What are the prime factors of f(i)?
2, 3
Let p = -717 - -1047. List the prime factors of p.
2, 3, 5, 11
Let u = 24 - 21. What are the prime factors of u?
3
Let u(m) = -2*m. Let x be u(-7). Let f = 30 - x. What are the prime factors of f?
2
Let a = 174 + -52. List the prime factors of a.
2, 61
List the prime factors of (-72156)/(-21)*3/6.
2, 859
Let x = -60 + 1814. List the prime factors of x.
2, 877
Let g(t) = 7*t + 16. Let n be g(-3). List the prime factors of (-2)/n + (-613)/(-5) + -5.
2, 59
Let s(d) = 9*d**2 + 7*d - 14. Let b be s(3). Let i = 25 + b. List the prime factors of i.
113
Suppose 0 = 5*q - 1 - 9. Suppose q*l - 6*l = -8, -5*f + 346 = 3*l. What are the prime factors of f?
2, 17
Let b(m) = 4*m - 12. Let a be b(3). Suppose a = -3*d + 53 + 34. List the prime factors of d.
29
Suppose 4*r + 3*q = -2947 + 10810, -2*q - 5876 = -3*r. What are the prime factors of r?
2, 3, 109
Suppose 0 = 4*n - 5*k - 2645, -4*n - 5*k = -1560 - 1115. Suppose n = 4*z + z. List the prime factors of z.
7, 19
Let f = 130 - 92. Let j = f - 77. Let h = 75 + j. List the prime factors of h.
2, 3
Let p = 19 + -17. Suppose -p*w - 3*w + 905 = 0. List the prime factors of w.
181
Suppose -n = -3*o - 4*n + 2190, 3*o = 2*n + 2180. List the prime factors of o.
2, 7, 13
Suppose -6 + 0 = -y. Let x(q) = y*q + 0 + 10*q - 5*q - 1. List the prime factors of x(4).
43
Let p be (4 - -12)/4 + 2. Suppose -43 = -2*m - d, 5*m = p*d - 2*d + 127. What are the prime factors of m?
23
Suppose 106*k - 76 = 102*k. Let b = 43 - 28. Suppose -4*u + x + k = -12, x = 2*u - b. List the prime factors of u.
2
Let v(y) = y**3 + 13*y**2 + 11*y + 13. Let d be v(-11). Suppose -5*o - 2*l = -564, o - 4*l - d = -8. List the prime factors of o.
2, 3, 19
Let c be 2 - 0 - (54 + -20). Let t = c + 60. What are the prime factors of t/8*(-42)/(-3)?
7
Let f = 109 + -18. List the prime factors of f.
7, 13
Let i be (-5 - -1 -